{"id":319,"date":"2025-03-23T19:56:26","date_gmt":"2025-03-23T19:56:26","guid":{"rendered":"https:\/\/grupo-pizarro.com\/?page_id=319"},"modified":"2026-01-28T20:01:33","modified_gmt":"2026-01-28T20:01:33","slug":"105-2-2","status":"publish","type":"page","link":"http:\/\/grupo-pizarro.com\/inicio\/105-2-2\/","title":{"rendered":"Servicios"},"content":{"rendered":"<div class=\"et_pb_section_0 et_pb_section et_section_regular et_block_section\"><div class=\"et_pb_row_0 et_pb_row et_block_row et_animated\"><div class=\"et_pb_column_0 et_pb_column et_pb_column_4_4 et-last-child et_block_column et_pb_css_mix_blend_mode_passthrough\"><div class=\"et_pb_text_0 et_pb_text et_pb_bg_layout_light et_pb_module et_block_module\"><div class=\"et_pb_text_inner\"><h1 style=\"text-align: center;\">\ud83d\udee0\ufe0f <strong data-start=\"201\" data-end=\"241\">SERVICIOS \u2013 GRUPO PIZARRO<\/strong><\/h1>\n<\/div><\/div><\/div><\/div><div class=\"et_pb_row_1 et_pb_row et_block_row et_animated\"><div class=\"et_pb_column_1 et_pb_column et_pb_column_1_2 et_block_column et_pb_css_mix_blend_mode_passthrough\"><div class=\"et_pb_text_1 et_pb_text et_pb_bg_layout_light et_pb_module et_block_module et_pb_text_align_center preset--module--divi-text--9b8da5be-74e4-431d-b848-63f55ad327f2\"><div class=\"et_pb_text_inner\"><h3>Nuestra especialidad son<\/h3>\n<\/div><\/div><div class=\"et_pb_text_2 et_pb_text et_pb_bg_layout_light et_pb_module et_block_module et_pb_text_align_center preset--module--divi-text--9b8da5be-74e4-431d-b848-63f55ad327f2\"><div class=\"et_pb_text_inner\"><h3 style=\"text-align: left;\"><span style=\"color: #ffffff;\">FONTANERIA SIN OBRA Y REHABILITACI\u00d3N DE BAJANTES<\/span><\/h3>\n<\/div><\/div><div class=\"et_pb_text_3 et_pb_text et_pb_bg_layout_light et_pb_module et_block_module\"><div class=\"et_pb_text_inner\"><div class=\"col-md-6 \">\n<p data-start=\"0\" data-end=\"306\" class=\"\"><span style=\"color: #ffffff;\">En <strong data-start=\"417\" data-end=\"434\">Grupo Pizarro<\/strong>, nuestra mayor especialidad es la <strong data-start=\"469\" data-end=\"493\">fontaner\u00eda sin obras<\/strong> y la <strong data-start=\"499\" data-end=\"529\">rehabilitaci\u00f3n de bajantes<\/strong>, sectores en los que llevamos m\u00e1s de una d\u00e9cada ofreciendo soluciones limpias, r\u00e1pidas y efectivas, sin romper suelos ni paredes.<\/span><\/p>\n<p data-start=\"0\" data-end=\"306\" class=\"\"><br data-start=\"659\" data-end=\"662\" \/><span style=\"color: #ffffff;\">Adem\u00e1s, contamos con un equipo multidisciplinario que nos permite realizar <strong data-start=\"737\" data-end=\"773\">reformas integrales de viviendas<\/strong>, gestionando todo el proceso de principio a fin con m\u00e1xima calidad y confianza.<\/span><\/p>\n<p data-start=\"623\" data-end=\"782\" class=\"\">\n<\/div>\n<\/div><\/div><div class=\"et_pb_module et_pb_button_module_wrapper et_pb_button_0_wrapper\"><a class=\"et_pb_button_0 et_pb_button et_pb_bg_layout_light et_pb_module et_block_module\" href=\"\" data-icon=\"$\">Solicita tu presupuesto gratis<\/a><\/div><\/div><div class=\"et_pb_column_2 et_pb_column et_pb_column_1_2 et-last-child et_block_column et_pb_css_mix_blend_mode_passthrough\"><div class=\"et_pb_image_0 et_pb_image et_pb_module et_block_module\"><span class=\"et_pb_image_wrap\"><img loading=\"lazy\" decoding=\"async\" src=\"http:\/\/grupo-pizarro.com\/wp-content\/uploads\/2025\/03\/upscalemedia-transformed.jpeg\" width=\"910\" height=\"606\" srcset=\"http:\/\/grupo-pizarro.com\/wp-content\/uploads\/2025\/03\/upscalemedia-transformed.jpeg 910w, http:\/\/grupo-pizarro.com\/wp-content\/uploads\/2025\/03\/upscalemedia-transformed-480x320.jpeg 480w\" sizes=\"(min-width: 0px) and (max-width: 480px) 480px, (min-width: 481px) 910px, 100vw\" class=\"wp-image-283\" title=\"upscalemedia-transformed\" \/><\/span><\/div><\/div><\/div><\/div><div class=\"et_pb_section_1 et_pb_section et_section_regular et_block_section\"><div class=\"et_pb_row_2 et_pb_row et_block_row\"><div class=\"et_pb_column_3 et_pb_column et_pb_column_1_2 et_block_column et_pb_css_mix_blend_mode_passthrough\"><div class=\"et_pb_text_4 et_pb_text et_pb_bg_layout_light et_pb_module et_block_module et_pb_text_align_center preset--module--divi-text--9b8da5be-74e4-431d-b848-63f55ad327f2\"><div class=\"et_pb_text_inner\"><h3>FONTANER\u00cdA SIN OBRA<\/h3>\n<\/div><\/div><div class=\"et_pb_text_5 et_pb_text et_pb_bg_layout_light et_pb_module et_block_module\"><div class=\"et_pb_text_inner\"><div class=\"col-md-6 \">\n<p data-start=\"802\" data-end=\"989\" class=\"\">Reparamos tuber\u00edas y solucionamos fugas <strong data-start=\"842\" data-end=\"883\">sin levantar suelos ni romper paredes<\/strong>, gracias a nuestro sistema de <strong data-start=\"914\" data-end=\"950\">rehabilitaci\u00f3n con resina Epoxy\u00ae<\/strong> y c\u00e1maras de inspecci\u00f3n robotizadas.<\/p>\n<p data-start=\"991\" data-end=\"1096\" class=\"\">Este m\u00e9todo nos permite actuar con precisi\u00f3n, sin generar molestias, reduciendo costes y tiempos de obra.<\/p>\n<p data-start=\"1098\" data-end=\"1352\" class=\"\"><strong data-start=\"1098\" data-end=\"1147\">\u00bfPor qu\u00e9 elegir nuestra fontaner\u00eda sin obras?<\/strong><br data-start=\"1147\" data-end=\"1150\" \/>\u2705 Hasta un 60% de ahorro frente a m\u00e9todos tradicionales<br data-start=\"1205\" data-end=\"1208\" \/>\u2705 Intervenciones limpias y silenciosas<br data-start=\"1246\" data-end=\"1249\" \/>\u2705 Tecnolog\u00eda avanzada con garant\u00eda de 10 a\u00f1os<br data-start=\"1294\" data-end=\"1297\" \/>\u2705 Ideal para viviendas, oficinas, comunidades y hoteles<\/p>\n<p data-start=\"623\" data-end=\"782\" class=\"\">\n<\/div>\n<\/div><\/div><\/div><div class=\"et_pb_column_4 et_pb_column et_pb_column_1_2 et-last-child et_block_column et_pb_css_mix_blend_mode_passthrough\"><div class=\"et_pb_text_6 et_pb_text et_pb_bg_layout_light et_pb_module et_block_module et_pb_text_align_center preset--module--divi-text--9b8da5be-74e4-431d-b848-63f55ad327f2\"><div class=\"et_pb_text_inner\"><h3>REHABILITACI\u00d3N DE BAJANTES<\/h3>\n<\/div><\/div><div class=\"et_pb_text_7 et_pb_text et_pb_bg_layout_light et_pb_module et_block_module\"><div class=\"et_pb_text_inner\"><div class=\"col-md-6 \">\n<p data-start=\"210\" data-end=\"484\" class=\"\">Somos especialistas en renovar bajantes deterioradas <strong data-start=\"263\" data-end=\"324\">sin necesidad de sustituirlas ni romper paredes ni suelos<\/strong>.<br data-start=\"325\" data-end=\"328\" \/>Con nuestro sistema, creamos una nueva conducci\u00f3n en el interior de la original, garantizando <strong data-start=\"422\" data-end=\"483\">durabilidad, estanqueidad y m\u00ednimo impacto en el edificio<\/strong>.<\/p>\n<p data-start=\"486\" data-end=\"751\" class=\"\"><strong data-start=\"486\" data-end=\"507\">Beneficios clave:<\/strong><br data-start=\"507\" data-end=\"510\" \/>\u2705 Sin escombros ni ruido<br data-start=\"534\" data-end=\"537\" \/>\u2705 Proceso r\u00e1pido y seguro<br data-start=\"562\" data-end=\"565\" \/>\u2705 Soluci\u00f3n perfecta para comunidades y edificios antiguos<br data-start=\"622\" data-end=\"625\" \/>\u2705 Evita filtraciones, humedades y malos olores<br data-start=\"671\" data-end=\"674\" \/>\u2705 Ahorro econ\u00f3mico y m\u00ednimo tiempo de ejecuci\u00f3n<br data-start=\"721\" data-end=\"724\" \/>\u2705 Garant\u00eda de hasta 10 a\u00f1os<\/p>\n<\/div>\n<\/div><\/div><\/div><\/div><\/div><div class=\"et_pb_section_2 et_pb_section et_section_regular et_block_section\"><div class=\"et_pb_row_3 et_pb_row et_block_row et_animated\"><div class=\"et_pb_column_5 et_pb_column et_pb_column_1_2 et_block_column et_pb_css_mix_blend_mode_passthrough\"><div class=\"et_pb_image_1 et_pb_image et_pb_module et_block_module\"><span class=\"et_pb_image_wrap\"><img loading=\"lazy\" decoding=\"async\" src=\"http:\/\/grupo-pizarro.com\/wp-content\/uploads\/2025\/03\/upscalemedia-transformed.jpeg\" width=\"910\" height=\"606\" srcset=\"http:\/\/grupo-pizarro.com\/wp-content\/uploads\/2025\/03\/upscalemedia-transformed.jpeg 910w, http:\/\/grupo-pizarro.com\/wp-content\/uploads\/2025\/03\/upscalemedia-transformed-480x320.jpeg 480w\" sizes=\"(min-width: 0px) and (max-width: 480px) 480px, (min-width: 481px) 910px, 100vw\" class=\"wp-image-283\" title=\"upscalemedia-transformed\" \/><\/span><\/div><\/div><div class=\"et_pb_column_6 et_pb_column et_pb_column_1_2 et-last-child et_block_column et_pb_css_mix_blend_mode_passthrough\"><div class=\"et_pb_text_8 et_pb_text et_pb_bg_layout_light et_pb_module et_block_module et_pb_text_align_center preset--module--divi-text--9b8da5be-74e4-431d-b848-63f55ad327f2\"><div class=\"et_pb_text_inner\"><h3>UNA EMPRESA QUE EVOLUCIONA CONTIGO <span style=\"color: #ffffff;\">es una empresa que Escucha, Aprende y Mejora Cada D\u00eda<\/span><\/h3>\n<\/div><\/div><div class=\"et_pb_text_9 et_pb_text et_pb_bg_layout_light et_pb_module et_block_module\"><div class=\"et_pb_text_inner\"><div class=\"col-md-6 \">\n<p data-start=\"450\" data-end=\"704\" class=\"\"><span style=\"color: #ffffff;\">En <strong data-start=\"453\" data-end=\"470\">Grupo Pizarro<\/strong> creemos que solo se crece de verdad cuando se escucha.<\/span><br data-start=\"525\" data-end=\"528\" \/><span style=\"color: #ffffff;\">Por eso, con cada cliente, cada proyecto y cada reto, <strong data-start=\"582\" data-end=\"631\">hemos aprendido a perfeccionar lo que hacemos<\/strong>: resolver problemas reales con soluciones limpias, eficaces y duraderas.<\/span><\/p>\n<p data-start=\"706\" data-end=\"923\" class=\"\"><span style=\"color: #ffffff;\">Con los a\u00f1os, pasamos de ser una empresa especializada en <strong data-start=\"764\" data-end=\"788\">fontaner\u00eda sin obras<\/strong> a convertirnos en un equipo <strong data-start=\"817\" data-end=\"847\">capaz de ofrecer mucho m\u00e1s<\/strong>, adapt\u00e1ndonos a lo que realmente necesitan hogares, comunidades y empresas.<\/span><\/p>\n<p data-start=\"925\" data-end=\"1117\" class=\"\"><span style=\"color: #ffffff;\">Hoy, gracias a esa evoluci\u00f3n constante, podemos decir con orgullo que <strong data-start=\"995\" data-end=\"1031\">hacemos m\u00e1s que reparar tuber\u00edas<\/strong>:<\/span><br data-start=\"1032\" data-end=\"1035\" \/><span style=\"color: #ffffff;\"><\/span><\/p>\n<p data-start=\"925\" data-end=\"1117\" class=\"\"><span style=\"color: #ffffff;\">\ud83d\udca1 <em data-start=\"1038\" data-end=\"1117\">Escuchamos, analizamos y damos respuestas concretas con calidad y compromiso.<\/em><\/span><\/p>\n<p data-start=\"353\" data-end=\"676\" class=\"\">\n<p data-start=\"623\" data-end=\"782\" class=\"\">\n<\/div>\n<\/div><\/div><div class=\"et_pb_module et_pb_button_module_wrapper et_pb_button_1_wrapper\"><a class=\"et_pb_button_1 et_pb_button et_pb_bg_layout_light et_pb_module et_block_module\" href=\"\" data-icon=\"$\">Solicita tu presupuesto gratis<\/a><\/div><\/div><\/div><\/div><div class=\"et_pb_section_3 et_pb_section et_section_regular et_block_section\"><div class=\"et_pb_row_4 et_pb_row et_block_row\"><div class=\"et_pb_column_7 et_pb_column et_pb_column_4_4 et-last-child et_block_column et_pb_css_mix_blend_mode_passthrough\"><div class=\"et_pb_text_10 et_pb_text et_pb_bg_layout_light et_pb_module et_block_module et_pb_text_align_center preset--module--divi-text--9b8da5be-74e4-431d-b848-63f55ad327f2\"><div class=\"et_pb_text_inner\"><h3 data-start=\"186\" data-end=\"237\" class=\"\" style=\"text-align: center;\">M\u00e1s All\u00e1 de la Fontaner\u00eda:<\/h3>\n<h3 data-start=\"186\" data-end=\"237\" style=\"text-align: center;\"><span style=\"color: #000000;\">Soluciones Integrales para Reformar tu Vivienda<\/span><\/h3>\n<p data-start=\"239\" data-end=\"532\" class=\"\" style=\"text-align: center;\">\n<\/div><\/div><div class=\"et_pb_text_11 et_pb_text et_pb_bg_layout_light et_pb_module et_block_module\"><div class=\"et_pb_text_inner\"><div class=\"col-md-6 \">\n<p data-start=\"802\" data-end=\"989\" class=\"\" style=\"text-align: center;\">En <strong data-start=\"242\" data-end=\"259\">Grupo Pizarro<\/strong> entendemos que cada hogar necesita m\u00e1s que soluciones t\u00e9cnicas. Por eso, adem\u00e1s de ser especialistas en fontaner\u00eda sin obras, tambi\u00e9n realizamos trabajos completos de renovaci\u00f3n y mejora de espacios, cuidando cada detalle con acabados profesionales y un equipo coordinado.<\/p>\n<p data-start=\"623\" data-end=\"782\" class=\"\">\n<\/div>\n<\/div><\/div><\/div><\/div><div class=\"et_pb_row_5 et_pb_row et_block_row\"><div class=\"et_pb_column_8 et_pb_column et_pb_column_1_2 et_block_column et_pb_css_mix_blend_mode_passthrough\"><div class=\"et_pb_text_12 et_pb_text et_pb_bg_layout_light et_pb_module et_block_module et_pb_text_align_center preset--module--divi-text--9b8da5be-74e4-431d-b848-63f55ad327f2\"><div class=\"et_pb_text_inner\"><h3>\ud83c\udfa8 <strong data-start=\"546\" data-end=\"579\">Pintura Integral de Viviendas<\/strong><\/h3>\n<\/div><\/div><div class=\"et_pb_text_13 et_pb_text et_pb_bg_layout_light et_pb_module et_block_module\"><div class=\"et_pb_text_inner\"><div class=\"col-md-6 \">\n<p data-start=\"581\" data-end=\"875\" class=\"\">Renovar la pintura de tu casa no solo transforma los espacios visualmente, tambi\u00e9n mejora la higiene, el confort y el valor de la vivienda.<br data-start=\"720\" data-end=\"723\" \/>Nuestro equipo se encarga de pintar techos, paredes e interiores con materiales de alta calidad, garantizando una aplicaci\u00f3n limpia, precisa y duradera.<\/p>\n<p data-start=\"877\" data-end=\"1013\" class=\"\">\u2705 Pintura decorativa o t\u00e9cnica<br data-start=\"907\" data-end=\"910\" \/>\u2705 Preparaci\u00f3n previa de superficies<br data-start=\"945\" data-end=\"948\" \/>\u2705 Asesoramiento en colores y acabados<br data-start=\"985\" data-end=\"988\" \/>\u2705 Limpieza final incluida<\/p>\n<p data-start=\"623\" data-end=\"782\" class=\"\">\n<\/div>\n<\/div><\/div><\/div><div class=\"et_pb_column_9 et_pb_column et_pb_column_1_2 et-last-child et_block_column et_pb_css_mix_blend_mode_passthrough\"><div class=\"et_pb_text_14 et_pb_text et_pb_bg_layout_light et_pb_module et_block_module et_pb_text_align_center preset--module--divi-text--9b8da5be-74e4-431d-b848-63f55ad327f2\"><div class=\"et_pb_text_inner\"><h3 data-start=\"1020\" data-end=\"1051\" class=\"\">\ud83c\udf7d\ufe0f <strong data-start=\"1028\" data-end=\"1051\">Reformas de Cocinas<\/strong><\/h3>\n<p data-start=\"1053\" data-end=\"1332\" class=\"\">\n<\/div><\/div><div class=\"et_pb_text_15 et_pb_text et_pb_bg_layout_light et_pb_module et_block_module\"><div class=\"et_pb_text_inner\"><div class=\"col-md-6 \">\n<p data-start=\"1053\" data-end=\"1332\" class=\"\">La cocina es uno de los espacios m\u00e1s importantes del hogar. Dise\u00f1amos y ejecutamos reformas completas adaptadas a tus necesidades: funcionalidad, est\u00e9tica, almacenamiento y confort.<br data-start=\"1234\" data-end=\"1237\" \/>Desde el mobiliario hasta las instalaciones el\u00e9ctricas y de fontaner\u00eda, nos encargamos de todo.<\/p>\n<p data-start=\"1334\" data-end=\"1485\" class=\"\">\u2705 Dise\u00f1o personalizado<br data-start=\"1356\" data-end=\"1359\" \/>\u2705 Cambio de encimeras, muebles y electrodom\u00e9sticos<br data-start=\"1409\" data-end=\"1412\" \/>\u2705 Renovaci\u00f3n de suelos y paredes<br data-start=\"1444\" data-end=\"1447\" \/>\u2705 Instalaciones actualizadas y seguras<\/p>\n<\/div>\n<\/div><\/div><\/div><\/div><div class=\"et_pb_row_6 et_pb_row et_block_row\"><div class=\"et_pb_column_10 et_pb_column et_pb_column_1_2 et_block_column et_pb_css_mix_blend_mode_passthrough\"><div class=\"et_pb_text_16 et_pb_text et_pb_bg_layout_light et_pb_module et_block_module et_pb_text_align_center preset--module--divi-text--9b8da5be-74e4-431d-b848-63f55ad327f2\"><div class=\"et_pb_text_inner\"><h3>\ud83d\udebf <strong data-start=\"1499\" data-end=\"1520\">Reformas de Ba\u00f1os<\/strong><\/h3>\n<\/div><\/div><div class=\"et_pb_text_17 et_pb_text et_pb_bg_layout_light et_pb_module et_block_module\"><div class=\"et_pb_text_inner\"><div class=\"col-md-6 \">\n<p data-start=\"1522\" data-end=\"1771\" class=\"\">Actualizamos tu ba\u00f1o para que sea m\u00e1s c\u00f3modo, accesible y moderno. Cambiamos ba\u00f1eras por platos de ducha, renovamos sanitarios, grifer\u00eda, cer\u00e1mica, iluminaci\u00f3n y m\u00e1s.<br data-start=\"1688\" data-end=\"1691\" \/>Adem\u00e1s, utilizamos materiales resistentes a la humedad y de f\u00e1cil mantenimiento.<\/p>\n<p data-start=\"1773\" data-end=\"1930\" class=\"\">\u2705 Reformas parciales o integrales<br data-start=\"1806\" data-end=\"1809\" \/>\u2705 Soluciones adaptadas a espacios peque\u00f1os<br data-start=\"1851\" data-end=\"1854\" \/>\u2705 Instalaci\u00f3n de mobiliario y accesorios<br data-start=\"1894\" data-end=\"1897\" \/>\u2705 Acabados modernos y funcionales<\/p>\n<p data-start=\"623\" data-end=\"782\" class=\"\">\n<\/div>\n<\/div><\/div><\/div><div class=\"et_pb_column_11 et_pb_column et_pb_column_1_2 et-last-child et_block_column et_pb_css_mix_blend_mode_passthrough\"><div class=\"et_pb_text_18 et_pb_text et_pb_bg_layout_light et_pb_module et_block_module et_pb_text_align_center preset--module--divi-text--9b8da5be-74e4-431d-b848-63f55ad327f2\"><div class=\"et_pb_text_inner\"><h3 data-start=\"1020\" data-end=\"1051\" class=\"\">\ud83d\udee0\ufe0f <strong data-start=\"1945\" data-end=\"1968\">Reformas Integrales<\/strong><\/h3>\n<p data-start=\"1053\" data-end=\"1332\" class=\"\">\n<\/div><\/div><div class=\"et_pb_text_19 et_pb_text et_pb_bg_layout_light et_pb_module et_block_module\"><div class=\"et_pb_text_inner\"><div class=\"col-md-6 \">\n<p data-start=\"1970\" data-end=\"2234\" class=\"\">Si est\u00e1s pensando en renovar completamente tu vivienda, nos encargamos de todo: desde la planificaci\u00f3n hasta la ejecuci\u00f3n.<br data-start=\"2092\" data-end=\"2095\" \/>Coordinamos todos los gremios (alba\u00f1iler\u00eda, fontaner\u00eda, electricidad, pintura, carpinter\u00eda...) para que no tengas que preocuparte por nada.<\/p>\n<p data-start=\"2236\" data-end=\"2382\" class=\"\">\u2705 Un solo equipo, todas las soluciones<br data-start=\"2274\" data-end=\"2277\" \/>\u2705 Planificaci\u00f3n por fases<br data-start=\"2302\" data-end=\"2305\" \/>\u2705 Asesoramiento t\u00e9cnico y est\u00e9tico<br data-start=\"2339\" data-end=\"2342\" \/>\u2705 Cumplimiento de plazos y calidad final<\/p>\n<\/div>\n<\/div><\/div><\/div><\/div><\/div><div class=\"et_pb_section_4 et_pb_section et_section_regular et_block_section\"><div class=\"et_pb_row_7 et_pb_row et_block_row\"><div class=\"et_pb_column_12 et_pb_column et_pb_column_4_4 et-last-child et_block_column et_pb_css_mix_blend_mode_passthrough\"><div class=\"et_pb_text_20 et_pb_text et_pb_bg_layout_light et_pb_module et_block_module et_pb_text_align_center preset--module--divi-text--9b8da5be-74e4-431d-b848-63f55ad327f2\"><div class=\"et_pb_text_inner\"><h3 data-start=\"186\" data-end=\"237\" style=\"text-align: center;\">Tambi\u00e9n trabajamos en Locales Comerciales y Oficinas<\/h3>\n<p data-start=\"239\" data-end=\"532\" class=\"\" style=\"text-align: center;\">\n<\/div><\/div><div class=\"et_pb_text_21 et_pb_text et_pb_bg_layout_light et_pb_module et_block_module\"><div class=\"et_pb_text_inner\"><div class=\"col-md-6 \">\n<p data-start=\"327\" data-end=\"606\" class=\"\">En <strong data-start=\"330\" data-end=\"347\">Grupo Pizarro<\/strong> hemos ampliado nuestro alcance para adaptarnos a las necesidades de espacios profesionales.<br data-start=\"439\" data-end=\"442\" \/>Adem\u00e1s de comunidades y hoteles, realizamos trabajos en <strong data-start=\"498\" data-end=\"555\">locales comerciales, oficinas y centros empresariales<\/strong>, donde la rapidez, limpieza y precisi\u00f3n son clave.<\/p>\n<p data-start=\"608\" data-end=\"819\" class=\"\">Sabemos que cada minuto cuenta en un entorno laboral, por eso ofrecemos soluciones <strong data-start=\"691\" data-end=\"755\">eficientes, sin obras invasivas y con acabados profesionales<\/strong>, que permiten mantener la actividad sin grandes interrupciones.<\/p>\n<p data-start=\"821\" data-end=\"1085\" class=\"\"><strong data-start=\"821\" data-end=\"858\">\u00bfQu\u00e9 ofrecemos en estos espacios?<\/strong><br data-start=\"858\" data-end=\"861\" \/>\u2705 Reparaci\u00f3n de tuber\u00edas y bajantes sin obras<br data-start=\"906\" data-end=\"909\" \/>\u2705 Reformas funcionales de ba\u00f1os y cocinas de empresa<br data-start=\"961\" data-end=\"964\" \/>\u2705 Pintura profesional y renovaci\u00f3n de interiores<br data-start=\"1012\" data-end=\"1015\" \/>\u2705 Intervenciones limpias, r\u00e1pidas y adaptadas al horario del cliente<\/p>\n<p data-start=\"1087\" data-end=\"1229\" class=\"\">Ya sea para mantener tu espacio en \u00f3ptimas condiciones o para renovarlo por completo, <strong data-start=\"1173\" data-end=\"1228\">Grupo Pizarro es tu aliado profesional de confianza<\/strong>.<\/p>\n<p data-start=\"623\" data-end=\"782\" class=\"\">\n<\/div>\n<\/div><\/div><\/div><\/div><div class=\"et_pb_row_8 et_pb_row et_pb_equal_columns et_block_row et_animated\"><div class=\"et_pb_column_13 et_pb_column et_pb_column_1_2 et_block_column et_pb_css_mix_blend_mode_passthrough\"><div class=\"et_pb_text_22 et_pb_text et_pb_bg_layout_light et_pb_module et_block_module\"><\/div><div class=\"et_pb_text_23 et_pb_text et_pb_bg_layout_light et_pb_module et_block_module et_pb_text_align_center preset--module--divi-text--9b8da5be-74e4-431d-b848-63f55ad327f2\"><div class=\"et_pb_text_inner\"><h3>Reformas de locales<\/h3>\n<\/div><\/div><div class=\"et_pb_text_24 et_pb_text et_pb_bg_layout_light et_pb_module et_block_module et_pb_text_align_center\"><div class=\"et_pb_text_inner\"><p>Saca el m\u00e1ximo rendimiento a tu local con soluciones r\u00e1pidas, limpias y sin interrupciones.<\/p>\n<\/div><\/div><\/div><div class=\"et_pb_column_14 et_pb_column et_pb_column_1_2 et-last-child et_block_column et_pb_css_mix_blend_mode_passthrough\"><div class=\"et_pb_icon_0 et_pb_icon et_pb_module et_block_module\"><span class=\"et_pb_icon_wrap\"><span class=\"et-pb-icon\">\uf54e<\/span><\/span><\/div><div class=\"et_pb_text_25 et_pb_text et_pb_bg_layout_light et_pb_module et_block_module\"><\/div><div class=\"et_pb_text_26 et_pb_text et_pb_bg_layout_light et_pb_module et_block_module et_pb_text_align_center preset--module--divi-text--9b8da5be-74e4-431d-b848-63f55ad327f2\"><div class=\"et_pb_text_inner\"><h3>Reformas de Oficinas<\/h3>\n<\/div><\/div><div class=\"et_pb_text_27 et_pb_text et_pb_bg_layout_light et_pb_module et_block_module et_pb_text_align_center\"><div class=\"et_pb_text_inner\"><p>Optimiza tu espacio de trabajo con reformas discretas, eficientes y adaptadas a tu equipo.<\/p>\n<\/div><\/div><\/div><\/div><\/div>","protected":false},"excerpt":{"rendered":"","protected":false},"author":1,"featured_media":0,"parent":0,"menu_order":0,"comment_status":"closed","ping_status":"closed","template":"","meta":{"footnotes":""},"class_list":["post-319","page","type-page","status-publish","hentry"],"_links":{"self":[{"href":"http:\/\/grupo-pizarro.com\/inicio\/wp-json\/wp\/v2\/pages\/319","targetHints":{"allow":["GET"]}}],"collection":[{"href":"http:\/\/grupo-pizarro.com\/inicio\/wp-json\/wp\/v2\/pages"}],"about":[{"href":"http:\/\/grupo-pizarro.com\/inicio\/wp-json\/wp\/v2\/types\/page"}],"author":[{"embeddable":true,"href":"http:\/\/grupo-pizarro.com\/inicio\/wp-json\/wp\/v2\/users\/1"}],"replies":[{"embeddable":true,"href":"http:\/\/grupo-pizarro.com\/inicio\/wp-json\/wp\/v2\/comments?post=319"}],"version-history":[{"count":17,"href":"http:\/\/grupo-pizarro.com\/inicio\/wp-json\/wp\/v2\/pages\/319\/revisions"}],"predecessor-version":[{"id":454,"href":"http:\/\/grupo-pizarro.com\/inicio\/wp-json\/wp\/v2\/pages\/319\/revisions\/454"}],"wp:attachment":[{"href":"http:\/\/grupo-pizarro.com\/inicio\/wp-json\/wp\/v2\/media?parent=319"}],"curies":[{"name":"wp","href":"https:\/\/api.w.org\/{rel}","templated":true}]}}